{"version":"1.0","provider_name":"Ortsfeuerwehr Lech","provider_url":"https:\/\/feuerwehr-lech.at\/wp","title":"03.03.2017 - Neue Einsatzbekleidung - Ortsfeuerwehr Lech","type":"rich","width":600,"height":338,"html":"<blockquote class=\"wp-embedded-content\" data-secret=\"QMekBTKBww\"><a href=\"https:\/\/feuerwehr-lech.at\/wp\/03-03-2017-neue-einsatzbekleidung\/\">03.03.2017 &#8211; Neue Einsatzbekleidung<\/a><\/blockquote><iframe sandbox=\"allow-scripts\" security=\"restricted\" src=\"https:\/\/feuerwehr-lech.at\/wp\/03-03-2017-neue-einsatzbekleidung\/embed\/#?secret=QMekBTKBww\" width=\"600\" height=\"338\" title=\"&#8222;03.03.2017 &#8211; Neue Einsatzbekleidung&#8220; &#8211; Ortsfeuerwehr Lech\" data-secret=\"QMekBTKBww\" frameborder=\"0\" marginwidth=\"0\" marginheight=\"0\" scrolling=\"no\" class=\"wp-embedded-content\"><\/iframe><script>\n\/*! This file is auto-generated *\/\n!function(d,l){\"use strict\";l.querySelector&&d.addEventListener&&\"undefined\"!=typeof URL&&(d.wp=d.wp||{},d.wp.receiveEmbedMessage||(d.wp.receiveEmbedMessage=function(e){var t=e.data;if((t||t.secret||t.message||t.value)&&!\/[^a-zA-Z0-9]\/.test(t.secret)){for(var s,r,n,a=l.querySelectorAll('iframe[data-secret=\"'+t.secret+'\"]'),o=l.querySelectorAll('blockquote[data-secret=\"'+t.secret+'\"]'),c=new RegExp(\"^https?:$\",\"i\"),i=0;i<o.length;i++)o[i].style.display=\"none\";for(i=0;i<a.length;i++)s=a[i],e.source===s.contentWindow&&(s.removeAttribute(\"style\"),\"height\"===t.message?(1e3<(r=parseInt(t.value,10))?r=1e3:~~r<200&&(r=200),s.height=r):\"link\"===t.message&&(r=new URL(s.getAttribute(\"src\")),n=new URL(t.value),c.test(n.protocol))&&n.host===r.host&&l.activeElement===s&&(d.top.location.href=t.value))}},d.addEventListener(\"message\",d.wp.receiveEmbedMessage,!1),l.addEventListener(\"DOMContentLoaded\",function(){for(var e,t,s=l.querySelectorAll(\"iframe.wp-embedded-content\"),r=0;r<s.length;r++)(t=(e=s[r]).getAttribute(\"data-secret\"))||(t=Math.random().toString(36).substring(2,12),e.src+=\"#?secret=\"+t,e.setAttribute(\"data-secret\",t)),e.contentWindow.postMessage({message:\"ready\",secret:t},\"*\")},!1)))}(window,document);\n\/\/# sourceURL=https:\/\/feuerwehr-lech.at\/wp\/wp-includes\/js\/wp-embed.min.js\n<\/script>\n","description":"F\u00fcr unsere Atemschutz-Ger\u00e4tetr\u00e4ger haben wir neue Einsatzbekleidung angeschafft. Die vorige Bekleidung war schon ein bisschen in die Jahre gekommen, und je nach Nutzung in einem bereits schlechten Zustand. Ausgestattet wurden vorab unseren aktiven Atemsch\u00fctzler, die sich in ihrem &#8222;Fire Explorer&#8220; der Firma Texport sichtlich wohl f\u00fchlen!","thumbnail_url":"https:\/\/feuerwehr-lech.at\/wp\/wp-content\/uploads\/2017\/03\/DSC02688-150x150.jpg"}

Für unsere Atemschutz-Geräteträger haben wir neue Einsatzbekleidung angeschafft. Die vorige Bekleidung war schon ein bisschen in die Jahre gekommen, und je nach Nutzung in einem bereits schlechten Zustand. Ausgestattet wurden vorab unseren aktiven Atemschützler, die sich in ihrem &#8222;Fire Explorer&#8220; der Firma Texport sichtlich wohl fühlen!
