{"version":"1.0","provider_name":"Ortsfeuerwehr Lech","provider_url":"https:\/\/feuerwehr-lech.at\/wp","title":"02.06.2019 Letzte Reise LFB - Ortsfeuerwehr Lech","type":"rich","width":600,"height":338,"html":"<blockquote class=\"wp-embedded-content\" data-secret=\"i6qQ6vXdUP\"><a href=\"https:\/\/feuerwehr-lech.at\/wp\/02-06-2019-letzte-reise-lfb\/\">02.06.2019 Letzte Reise LFB<\/a><\/blockquote><iframe sandbox=\"allow-scripts\" security=\"restricted\" src=\"https:\/\/feuerwehr-lech.at\/wp\/02-06-2019-letzte-reise-lfb\/embed\/#?secret=i6qQ6vXdUP\" width=\"600\" height=\"338\" title=\"&#8222;02.06.2019 Letzte Reise LFB&#8220; &#8211; Ortsfeuerwehr Lech\" data-secret=\"i6qQ6vXdUP\" frameborder=\"0\" marginwidth=\"0\" marginheight=\"0\" scrolling=\"no\" class=\"wp-embedded-content\"><\/iframe><script>\n\/*! This file is auto-generated *\/\n!function(d,l){\"use strict\";l.querySelector&&d.addEventListener&&\"undefined\"!=typeof URL&&(d.wp=d.wp||{},d.wp.receiveEmbedMessage||(d.wp.receiveEmbedMessage=function(e){var t=e.data;if((t||t.secret||t.message||t.value)&&!\/[^a-zA-Z0-9]\/.test(t.secret)){for(var s,r,n,a=l.querySelectorAll('iframe[data-secret=\"'+t.secret+'\"]'),o=l.querySelectorAll('blockquote[data-secret=\"'+t.secret+'\"]'),c=new RegExp(\"^https?:$\",\"i\"),i=0;i<o.length;i++)o[i].style.display=\"none\";for(i=0;i<a.length;i++)s=a[i],e.source===s.contentWindow&&(s.removeAttribute(\"style\"),\"height\"===t.message?(1e3<(r=parseInt(t.value,10))?r=1e3:~~r<200&&(r=200),s.height=r):\"link\"===t.message&&(r=new URL(s.getAttribute(\"src\")),n=new URL(t.value),c.test(n.protocol))&&n.host===r.host&&l.activeElement===s&&(d.top.location.href=t.value))}},d.addEventListener(\"message\",d.wp.receiveEmbedMessage,!1),l.addEventListener(\"DOMContentLoaded\",function(){for(var e,t,s=l.querySelectorAll(\"iframe.wp-embedded-content\"),r=0;r<s.length;r++)(t=(e=s[r]).getAttribute(\"data-secret\"))||(t=Math.random().toString(36).substring(2,12),e.src+=\"#?secret=\"+t,e.setAttribute(\"data-secret\",t)),e.contentWindow.postMessage({message:\"ready\",secret:t},\"*\")},!1)))}(window,document);\n\/\/# sourceURL=https:\/\/feuerwehr-lech.at\/wp\/wp-includes\/js\/wp-embed.min.js\n<\/script>\n","thumbnail_url":"https:\/\/feuerwehr-lech.at\/wp\/wp-content\/uploads\/2019\/06\/DSC04738_Ausschnitt2.jpg","thumbnail_width":1738,"thumbnail_height":698,"description":"Am Sonntag den 2. Juni verabschiedete sich unser LFB \u00fcber den Flexenpass hinaus um in einem Hilfsprojekt in Moldawien ein zweites Leben zu bekommen. Durch den Umbau konnten wir neben normaler Feuerwehrausr\u00fcstung auch noch eine Schlauchwaschanlage auf das Fahrzeug packen. Am 13. Juni startet dann die \u00fcber 2000km lange Reise. Unsere Fahrt f\u00fchrte uns ins &hellip; weiterlesen &rarr;"}

Am Sonntag den 2. Juni verabschiedete sich unser LFB über den Flexenpass hinaus um in einem Hilfsprojekt in Moldawien ein zweites Leben zu bekommen. Durch den Umbau konnten wir neben normaler Feuerwehrausrüstung auch noch eine Schlauchwaschanlage auf das Fahrzeug packen. Am 13. Juni startet dann die über 2000km lange Reise. Unsere Fahrt führte uns ins &hellip; weiterlesen &rarr;
